= -70 - -38. What are the prime factors of (-177)/(-2)*x/(-24)?
2, 59
List the prime factors of (4 + 17493/14)*2.
23, 109
Suppose i + 4*t = 706, 130*i - t = 128*i + 1457. What are the prime factors of i?
2, 3, 11
Let l be (-1)/3 - 3/(-9). Let z(c) = 2*c**2 - c**2 + 14 + 3*c**2 - 3*c**2 - c. List the prime factors of z(l).
2, 7
Suppose -3*o = 3*p - 1374, -4*o + 0*p + 1844 = p. List the prime factors of o.
2, 3, 7, 11
Let g = -5852 + 9857. What are the prime factors of g?
3, 5, 89
Suppose -g = 2*a - 4332, 2*a + 10830 = 7*a + 3*g. List the prime factors of a.
2, 3, 19
Suppose -j - 1 - 2 = 0. Let t(h) be the third derivative of -h**6/120 - h**4/6 - 2*h**3/3 + 16*h**2 + 4. List the prime factors of t(j).
5, 7
Let v(w) = -w**2 - 2*w + 7. Let z be v(5). Let d be (-8)/52 + z/(-13). Suppose -10 = -d*n - 2*l, -n + 23 = 2*n + l. What are the prime factors of n?
3
What are the prime factors of (-2 - 1) + 1143 + (10 - 9)?
7, 163
Let c = -4 - 4. List the prime factors of (c/20)/(3/(-675)).
2, 3, 5
Suppose 13*t - 11*t = -4*h + 4286, -4*t = -2*h + 2158. List the prime factors of h.
29, 37
Suppose -2*j + 45 = 9. Let v = 20 - j. Suppose -3*n + 3*u + v = -25, 0 = -5*n - 5*u + 25. What are the prime factors of n?
7
Suppose 0*j - 5*t + 160 = -2*j, j + 94 = -t. List the prime factors of (-1)/((-4 - -7)/j).
2, 3, 5
Suppose 3*j - 9 = 0, 2*j = 5*a - 0*j - 9. Suppose 225 + 451 = 13*p. Suppose a*o - o = p. What are the prime factors of o?
2, 13
Suppose -5*w - 49 = -3*u - 0, 2*u + w = 11. Let x(t) = 4*t + 10. List the prime factors of x(u).
2, 3, 7
Suppose -2*a + 86 = -3*n, -2*n + 4*n - a = -56. Let q = -41 - n. What are the prime factors of (73/3)/((-5)/q)?
73
What are the prime factors of 1*487 + (-3)/(-6)*-6?
2, 11
Let n = 277 - -2680. What are the prime factors of n?
2957
Suppose 3*h - 16 + 88 = 0. Let x be (1 - h)*2/2. Suppose 2*d - x = 23. List the prime factors of d.
2, 3
Suppose -m - 2*j = -43, -38 = -4*m - 2*j + 164. Suppose 0*g = -g + 203. Suppose -3*p = -g + m. What are the prime factors of p?
2, 5
Let f(c) = 44*c**2 + 27*c + 35. What are the prime factors of f(-10)?
5, 7, 17
Suppose -4*d = -10*d. Suppose d = -2*j + 5*q - 15 - 2, -q + 25 = 5*j. Suppose x - 74 = -4*f, j*x - 212 = -0*x + 5*f. List the prime factors of x.
2, 29
Suppose -2*c - 3*i - 201 = 3*c, -3*c + 3*i = 135. Suppose 3*d - 5*x = 41, 4*x + 33 = 5*d - 31. Let y = d - c. What are the prime factors of y?
2, 3
Suppose 0 = 2*t + 5*t - 21. Let v(b) = 2*b**2 + 8*b + 5. Let w be v(-5). Let c = w - t. List the prime factors of c.
2, 3
Suppose -1034 = 59*u - 61*u. What are the prime factors of u?
11, 47
Let c = 77 - 56. Suppose -c*l + 3*l + 3276 = 0. What are the prime factors of l?
2, 7, 13
Let t(d) = 120*d - 2. Let u be t(1). Let x be (-1 + -5)*u/(-12). Suppose -3 - x = -2*o. What are the prime factors of o?
31
Suppose -2*c - h = -116, -3*c - 4*h - 35 + 199 = 0. Let j be 10/c + 1150/12. Suppose 5*l = j + 54. What are the prime factors of l?
2, 3, 5
Let j(m) = -m**3 - m**2 + 9*m - 3. Let s be j(-4). Let u = s - -1. What are the prime factors of u?
2, 5
Let j be -2*(-64)/(-6)*3. Let m = -34 - j. What are the prime factors of m?
2, 3, 5
List the prime factors of 6 + (-8 - -877) + -9.
2, 433
Let q be 4/14 - 720/168. Let n be (q - 0) + 14 - 2. What are the prime factors of (8/n)/((-2)/(-34))?
17
Let a be ((-1)/1 - -3)*4. Let y(u) = 1. Let w(c) = -8*c + 14. Let l(o) = -w(o) + 3*y(o). What are the prime factors of l(a)?
53
Let l = 2020 + -1377. List the prime factors of l.
643
Let i = -3 - -5. Suppose i*m + 78 = 2*z, 4*m + 58 + 63 = 3*z. What are the prime factors of z?
5, 7
Let p be ((-1)/2)/((-1)/4). Suppose 9 = v + p*v. Suppose -2*q - 5*a = -23, 2*a + v*a + 73 = 2*q. List the prime factors of q.
2, 3
Let t(b) = 45 - 2*b - 2*b - 37. Let v be t(9). What are the prime factors of ((-30)/(-24))/((-1)/v)?
5, 7
Suppose 3*o + 31 = p - 27, p - 54 = 2*o. Suppose 0 = g - 4*j - 23, -3*g + 8*g + 3*j = p. List the prime factors of g.
11
Suppose 0*b = -4*h - 4*b, -4*b = -h. Suppose -4*x + 242 = -h*x + 2*q, 184 = 3*x + 4*q. List the prime factors of x.
2, 3, 5
Let k be 0/(-2) + 2394/14. Suppose 7*w = k + 81. What are the prime factors of w?
2, 3
Suppose -3*r + 5*r = -3*m + 328, 0 = 3*r - 2*m - 505. Suppose 3*s - r = 2*s. List the prime factors of s.
167
Suppose 5*o - 5*b = 2*o + 769, -4*o + 987 = b. List the prime factors of o.
2, 31
Suppose -4*r = -99*a + 97*a - 5886, 3*a - 4428 = -3*r. What are the prime factors of r?
3, 491
Let p(b) = 112*b - 35. List the prime factors of p(22).
7, 347
Let b(w) = w**3 - 4*w**2 + 3*w. Let g be b(3). Let d(u) be the first derivative of -u**2 + 12*u - 62. List the prime factors of d(g).
2, 3
Let v(l) be the second derivative of -l**5/20 + l**4/3 + 8*l**3/3 - 13*l. What are the prime factors of v(6)?
2, 3
Let c = 1 + 0. Let h be 2/1 + (-11)/132*-12. List the prime factors of c/h*-3*-30.
2, 3, 5
Let p(g) = -9*g + 32. Let j be p(8). Let o = j + 52. List the prime factors of o.
2, 3
What are the prime factors of (248/651)/(4/14)*555?
2, 5, 37
Let m = -115 - 31. Let d = -62 - m. Suppose -2*h - 2*h = -d. What are the prime factors of h?
3, 7
Suppose -18*i + 450 = -17*i. Let x be 6/(-24) - i/(-8). Suppose -a = a - x. What are the prime factors of a?
2, 7
Let r be (26/(-39))/(2/(-75)). Suppose 6*z - r = z. Suppose o - 22 = -z*f, -o + 0*f - f + 22 = 0. List the prime factors of o.
2, 11
Let g be 2/(-11) + -92*(-4)/88. Suppose 11*d - 1267 = g*d. List the prime factors of d.
181
Let b = 25 - 22. Suppose 2*w + b*c + 4 = 7*c, w - 26 = -5*c. Suppose -2*p = k - 112, 5*p + w*k - 282 = 3*k. What are the prime factors of p?
2, 3
What are the prime factors of (280/49)/(10/875)?
2, 5
Let y = -32 - -16. Let d be 12*(y/(-12))/(-4). Let n(i) = -i**3 - 3*i**2 + 6. What are the prime factors of n(d)?
2, 11
Suppose -3*p = -8 - 7. Suppose -6*m + 45 = p*z - 2*m, 5 = m. Suppose -3*f + z*f = 70. List the prime factors of f.
5, 7
Let i(w) = w**3 + 6*w**2 - 24*w + 2. What are the prime factors of i(9)?
7, 11, 13
Suppose 0 = -3*f - 0*x + 2*x + 38, -2*f + 52 = 4*x. Suppose 3*c - 5*c = -f. Let m = c + -3. What are the prime factors of m?
5
Let x(g) = 120*g - 686. What are the prime factors of x(20)?
2, 857
Let d = -96 + 100. Suppose -2*c = -d*j + 912, 2*c + 13 = -2*j + 463. List the prime factors of j.
227
Suppose 2*v - 44 = 6*v. Let z = -1 - v. Suppose 80 = 3*h - z. What are the prime factors of h?
2, 3, 5
Suppose -5*w + 8*w + 318 = 0. What are the prime factors of (w/(-6))/(6/18)?
53
Let s = 0 - -2. Suppose -2*i + 6 = -s. Suppose 5*r + b = i*b + 135, 2*r = -2*b + 38. What are the prime factors of r?
2, 3
Let d(z) = -z**3 - 2*z**2 + 4*z + 3. Let r be d(-3). Let f be 12/(-3) + (5 - -2). Suppose 0 = -f*s - r*s + 42. What are the prime factors of s?
2, 7
Suppose 3*t - 2*p - 7 + 1 = 0, 3*p = 0. Suppose 6 = -t*h, 5*c + 4*h - 372 = 3*h. List the prime factors of c.
3, 5
Suppose -5*v = -4*b + 4, -2*v - 3*v + 2*b = 2. Let c be (40/(-24) - -1)/(2/(-57)). Suppose -3*x - 5*s + c = v, 2*x - 2*s - 33 = 1. List the prime factors of x.
13
Let b be (140/42)/((-2)/6). Let y be 2/b + (-1053)/(-65). Suppose -13*q - 192 = -y*q. List the prime factors of q.
2
Let h(g) = -2*g**2 - 11*g - 5. Suppose -4*u - 31 = 3*v, 4*v + 4 = 3*v + 5*u. Let j be h(v). Let o = j - -118. List the prime factors of o.
2, 5
Suppose -39077 = -16*j - 11893. List the prime factors of j.
1699
Suppose 4*z + 778 = 2*d - 0*d, 5*d - 1945 = -z. What are the prime factors of d?
389
Let o(w) be the third derivative of 2*w**3 - w**2 + 0 + 1/24*w**4 + 1/120*w**6 + 0*w + 0*w**5. List the prime factors of o(0).
2, 3
Suppose -4*k + 2*k - 2 = 0. Let l = 3 - k. Suppose 0 = -2*i - 7*o + 2*o + 14, 4*i - l*o - 56 = 0. List the prime factors of i.
2, 3
Let w = -3284 + 6783. What are the prime factors of w?
3499
Let a(i) = 5*i + 9. Let n(t) = t**2 - 7*t + 4. Let s be n(6). Let q be a(s). Let h = 24 + q. What are the prime factors of h?
23
Suppose 0 = 8*f - 10*f + 72. Let s = 76 - f. List the prime factors of s.
2, 5
Let y(h) = -112*h - 609. What are the prime factors of y(-41)?
7, 569
Let o = -167 + 664. List the prime factors of o.
7, 71
Let g = -1152 - -2345. List the prime factors of g.
1193
Let a(w) be the first derivative of -w**3/3 - 13*w**2/2 - 6*w - 10. Suppose -3*y + h = -8*y 